{"id":99,"date":"2024-07-10T07:33:17","date_gmt":"2024-07-10T05:33:17","guid":{"rendered":"http:\/\/atelier-images-peripheriques.fr\/?page_id=99"},"modified":"2024-06-10T08:05:13","modified_gmt":"2024-06-10T06:05:13","slug":"marie-combes","status":"publish","type":"page","link":"https:\/\/atelier-images-peripheriques.fr\/?page_id=99","title":{"rendered":"Marie COMBES"},"content":{"rendered":"\n<p>Artiste auteur mon travail oscille autour de diff\u00e9rentes formes d\u2019\u00e9criture de l\u2019itin\u00e9rance. Il alterne deux recherches, celle de laisser se former une image en utilisant parfois l\u2019ordre chronologique de la prise de vues (dans les diptyques, cette articulation est conserv\u00e9e), ou plus dynamiquement une suite de plans, tissant s\u00e9quences et polyptyques: la question du montage est le d\u00e9nominateur commun d\u2019un certain nombre de projets. Les s\u00e9ries se succ\u00e8dent, marqu\u00e9es par l\u2019urbain, le paysage, et le portrait. Les polyptyques explorent les limites et les contraintes du cadre, les rapports et les tensions dans le flux continu des images, les questions de perspectives et l\u2019imaginaire urbain. Les images soulignent le caract\u00e8re \u00e9ph\u00e9m\u00e8re de l\u2019architecture et du paysage; elles t\u00e9moignent de l\u2019itin\u00e9rance.<\/p>\n\n\n\n<p>Sur cette th\u00e9matique du d\u00e9placement j\u2019ai con\u00e7u une \u0153uvre interactive sur le Grand Paris \u00ab Itin\u00e9rances m\u00e9tropolitaines \u00bb, pr\u00e9sent\u00e9e pour l\u2019exposition \u00ab un-privileged views \u00bb \u00e0 Los Angeles en 2012. Invit\u00e9e cette m\u00eame ann\u00e9e en r\u00e9sidence par The Metropolitan Observatory for Digital Cultural and Representation, \u00e0 porter un regard sur Detroit, j\u2019ai d\u00e9velopp\u00e9 une recherche artistique et j\u2019ai contribu\u00e9 avec \u00ab Les Fugitives \u00bb \u00e0 l\u2019exposition Imaging Detroit.<\/p>\n\n\n\n<p>Les mouvements et les variations de l\u2019image s\u2019\u00e9laborent aussi dans l\u2019espace d\u2019expression artistique qu\u2019est le livre d\u2019artiste. Ces montages sont jalonn\u00e9s par trois ouvrages : \u00abFugitives\/Detroit, One step, and then another\u2026\u00bb en 2016, \u00ab Itin\u00e9rances m\u00e9tropolitaines \u00bb en novembre 2019 et \u00ab Esquisser une voie, portraits d\u2019itin\u00e9rances \u00bb en d\u00e9cembre 2019.<\/p>\n\n\n\n<p>Cette m\u00e9ditation sur la g\u00e9ographie humaine me conduit \u00e0 emprunter une dynamique active de d\u00e9rive. \u00c0 Detroit, pour la s\u00e9rie \u00ab Les Fugitives \/ Detroit \u00bb, marcher \u00e9tait la r\u00e9ponse la plus juste pour comprendre cette ville en d\u00e9sh\u00e9rence, faire corps avec elle pouvait me permettre de saisir physiquement l\u2019amplitude de son abandon, mais aussi de son d\u00e9sarroi. Marcher dans les espaces travers\u00e9s par les hommes c\u2019est m\u00e9diter sur le passage du temps et le paysage, cette dynamique d\u2019images me permit d\u2019en extraire un travail qui est une discussion intime avec la ville, et depuis 2017 une r\u00e9flexion lancinante sur la t\u00e9nuit\u00e9 du vivant avec la s\u00e9rie de portraits \u00ab Esquisser une voie, portraits d\u2019itin\u00e9rances \u00bb<\/p>\n\n\n\n<p>Le jeu entre la photographie et la vid\u00e9o autorise des explorations. Cofondatrice de Combes&amp;Renaud, j\u2019ai r\u00e9alis\u00e9 et cosign\u00e9 \u00e9galement avec Patrick Renaud des \u0153uvres vid\u00e9o, dans lesquelles le ressort, entre fiction et documentaire, est la figuration du temps. Je vis et travaille \u00e0 Bagnolet.<\/p>\n\n\n\n<p><a href=\"http:\/\/www.combesrenaud.com\/index.php\">www.combesrenaud.com<\/a><\/p>\n","protected":false},"excerpt":{"rendered":"<p>Artiste auteur mon travail oscille autour de diff\u00e9rentes formes d\u2019\u00e9criture de l\u2019itin\u00e9rance. Il alterne deux recherches, celle de laisser se former une image en utilisant parfois l\u2019ordre chronologique de la prise de vues (dans les diptyques, cette articulation est conserv\u00e9e), ou plus dynamiquement une suite de plans, tissant s\u00e9quences et polyptyques: la question du montage &hellip; <\/p>\n<p class=\"link-more\"><a href=\"https:\/\/atelier-images-peripheriques.fr\/?page_id=99\" class=\"more-link\">Continuer la lecture<span class=\"screen-reader-text\"> de &laquo;&nbsp;Marie COMBES&nbsp;&raquo;<\/span><\/a><\/p>\n","protected":false},"author":1,"featured_media":0,"parent":0,"menu_order":0,"comment_status":"closed","ping_status":"closed","template":"","meta":{"footnotes":""},"class_list":["post-99","page","type-page","status-publish","hentry"],"yoast_head":"<!-- This site is optimized with the Yoast SEO plugin v24.2 - https:\/\/yoast.com\/wordpress\/plugins\/seo\/ -->\n<title>Marie COMBES - Atelier Images p\u00e9ripheriques<\/title>\n<meta name=\"robots\" content=\"index, follow, max-snippet:-1, max-image-preview:large, max-video-preview:-1\" \/>\n<link rel=\"canonical\" href=\"https:\/\/atelier-images-peripheriques.fr\/?page_id=99\" \/>\n<meta property=\"og:locale\" content=\"fr_FR\" \/>\n<meta property=\"og:type\" content=\"article\" \/>\n<meta property=\"og:title\" content=\"Marie COMBES - Atelier Images p\u00e9ripheriques\" \/>\n<meta property=\"og:description\" content=\"Artiste auteur mon travail oscille autour de diff\u00e9rentes formes d\u2019\u00e9criture de l\u2019itin\u00e9rance. Il alterne deux recherches, celle de laisser se former une image en utilisant parfois l\u2019ordre chronologique de la prise de vues (dans les diptyques, cette articulation est conserv\u00e9e), ou plus dynamiquement une suite de plans, tissant s\u00e9quences et polyptyques: la question du montage &hellip; Continuer la lecture de &laquo;&nbsp;Marie COMBES&nbsp;&raquo;\" \/>\n<meta property=\"og:url\" content=\"https:\/\/atelier-images-peripheriques.fr\/?page_id=99\" \/>\n<meta property=\"og:site_name\" content=\"Atelier Images p\u00e9ripheriques\" \/>\n<meta property=\"article:modified_time\" content=\"2024-06-10T06:05:13+00:00\" \/>\n<meta name=\"twitter:card\" content=\"summary_large_image\" \/>\n<meta name=\"twitter:label1\" content=\"Dur\u00e9e de lecture estim\u00e9e\" \/>\n\t<meta name=\"twitter:data1\" content=\"2 minutes\" \/>\n<script type=\"application\/ld+json\" class=\"yoast-schema-graph\">{\"@context\":\"https:\/\/schema.org\",\"@graph\":[{\"@type\":\"WebPage\",\"@id\":\"https:\/\/atelier-images-peripheriques.fr\/?page_id=99\",\"url\":\"https:\/\/atelier-images-peripheriques.fr\/?page_id=99\",\"name\":\"Marie COMBES - Atelier Images p\u00e9ripheriques\",\"isPartOf\":{\"@id\":\"https:\/\/atelier-images-peripheriques.fr\/#website\"},\"datePublished\":\"2024-07-10T05:33:17+00:00\",\"dateModified\":\"2024-06-10T06:05:13+00:00\",\"breadcrumb\":{\"@id\":\"https:\/\/atelier-images-peripheriques.fr\/?page_id=99#breadcrumb\"},\"inLanguage\":\"fr-FR\",\"potentialAction\":[{\"@type\":\"ReadAction\",\"target\":[\"https:\/\/atelier-images-peripheriques.fr\/?page_id=99\"]}]},{\"@type\":\"BreadcrumbList\",\"@id\":\"https:\/\/atelier-images-peripheriques.fr\/?page_id=99#breadcrumb\",\"itemListElement\":[{\"@type\":\"ListItem\",\"position\":1,\"name\":\"Accueil\",\"item\":\"https:\/\/atelier-images-peripheriques.fr\/\"},{\"@type\":\"ListItem\",\"position\":2,\"name\":\"Marie COMBES\"}]},{\"@type\":\"WebSite\",\"@id\":\"https:\/\/atelier-images-peripheriques.fr\/#website\",\"url\":\"https:\/\/atelier-images-peripheriques.fr\/\",\"name\":\"Atelier Images p\u00e9ripheriques\",\"description\":\"Atelier d&#039;artistes \/ Espace d&#039;exposition \u00e0 Bagnolet\",\"potentialAction\":[{\"@type\":\"SearchAction\",\"target\":{\"@type\":\"EntryPoint\",\"urlTemplate\":\"https:\/\/atelier-images-peripheriques.fr\/?s={search_term_string}\"},\"query-input\":{\"@type\":\"PropertyValueSpecification\",\"valueRequired\":true,\"valueName\":\"search_term_string\"}}],\"inLanguage\":\"fr-FR\"}]}<\/script>\n<!-- \/ Yoast SEO plugin. -->","yoast_head_json":{"title":"Marie COMBES - Atelier Images p\u00e9ripheriques","robots":{"index":"index","follow":"follow","max-snippet":"max-snippet:-1","max-image-preview":"max-image-preview:large","max-video-preview":"max-video-preview:-1"},"canonical":"https:\/\/atelier-images-peripheriques.fr\/?page_id=99","og_locale":"fr_FR","og_type":"article","og_title":"Marie COMBES - Atelier Images p\u00e9ripheriques","og_description":"Artiste auteur mon travail oscille autour de diff\u00e9rentes formes d\u2019\u00e9criture de l\u2019itin\u00e9rance. Il alterne deux recherches, celle de laisser se former une image en utilisant parfois l\u2019ordre chronologique de la prise de vues (dans les diptyques, cette articulation est conserv\u00e9e), ou plus dynamiquement une suite de plans, tissant s\u00e9quences et polyptyques: la question du montage &hellip; Continuer la lecture de &laquo;&nbsp;Marie COMBES&nbsp;&raquo;","og_url":"https:\/\/atelier-images-peripheriques.fr\/?page_id=99","og_site_name":"Atelier Images p\u00e9ripheriques","article_modified_time":"2024-06-10T06:05:13+00:00","twitter_card":"summary_large_image","twitter_misc":{"Dur\u00e9e de lecture estim\u00e9e":"2 minutes"},"schema":{"@context":"https:\/\/schema.org","@graph":[{"@type":"WebPage","@id":"https:\/\/atelier-images-peripheriques.fr\/?page_id=99","url":"https:\/\/atelier-images-peripheriques.fr\/?page_id=99","name":"Marie COMBES - Atelier Images p\u00e9ripheriques","isPartOf":{"@id":"https:\/\/atelier-images-peripheriques.fr\/#website"},"datePublished":"2024-07-10T05:33:17+00:00","dateModified":"2024-06-10T06:05:13+00:00","breadcrumb":{"@id":"https:\/\/atelier-images-peripheriques.fr\/?page_id=99#breadcrumb"},"inLanguage":"fr-FR","potentialAction":[{"@type":"ReadAction","target":["https:\/\/atelier-images-peripheriques.fr\/?page_id=99"]}]},{"@type":"BreadcrumbList","@id":"https:\/\/atelier-images-peripheriques.fr\/?page_id=99#breadcrumb","itemListElement":[{"@type":"ListItem","position":1,"name":"Accueil","item":"https:\/\/atelier-images-peripheriques.fr\/"},{"@type":"ListItem","position":2,"name":"Marie COMBES"}]},{"@type":"WebSite","@id":"https:\/\/atelier-images-peripheriques.fr\/#website","url":"https:\/\/atelier-images-peripheriques.fr\/","name":"Atelier Images p\u00e9ripheriques","description":"Atelier d&#039;artistes \/ Espace d&#039;exposition \u00e0 Bagnolet","potentialAction":[{"@type":"SearchAction","target":{"@type":"EntryPoint","urlTemplate":"https:\/\/atelier-images-peripheriques.fr\/?s={search_term_string}"},"query-input":{"@type":"PropertyValueSpecification","valueRequired":true,"valueName":"search_term_string"}}],"inLanguage":"fr-FR"}]}},"_links":{"self":[{"href":"https:\/\/atelier-images-peripheriques.fr\/index.php?rest_route=\/wp\/v2\/pages\/99","targetHints":{"allow":["GET"]}}],"collection":[{"href":"https:\/\/atelier-images-peripheriques.fr\/index.php?rest_route=\/wp\/v2\/pages"}],"about":[{"href":"https:\/\/atelier-images-peripheriques.fr\/index.php?rest_route=\/wp\/v2\/types\/page"}],"author":[{"embeddable":true,"href":"https:\/\/atelier-images-peripheriques.fr\/index.php?rest_route=\/wp\/v2\/users\/1"}],"replies":[{"embeddable":true,"href":"https:\/\/atelier-images-peripheriques.fr\/index.php?rest_route=%2Fwp%2Fv2%2Fcomments&post=99"}],"version-history":[{"count":8,"href":"https:\/\/atelier-images-peripheriques.fr\/index.php?rest_route=\/wp\/v2\/pages\/99\/revisions"}],"predecessor-version":[{"id":519,"href":"https:\/\/atelier-images-peripheriques.fr\/index.php?rest_route=\/wp\/v2\/pages\/99\/revisions\/519"}],"wp:attachment":[{"href":"https:\/\/atelier-images-peripheriques.fr\/index.php?rest_route=%2Fwp%2Fv2%2Fmedia&parent=99"}],"curies":[{"name":"wp","href":"https:\/\/api.w.org\/{rel}","templated":true}]}}

<p>Artiste auteur mon travail oscille autour de différentes formes d’écriture de l’itinérance. Il alterne deux recherches, celle de laisser se former une image en utilisant parfois l’ordre chronologique de la prise de vues (dans les diptyques, cette articulation est conservée), ou plus dynamiquement une suite de plans, tissant séquences et polyptyques: la question du montage est le dénominateur commun d’un certain nombre de projets. Les séries se succèdent, marquées par l’urbain, le paysage, et le portrait. Les polyptyques explorent les limites et les contraintes du cadre, les rapports et les tensions dans le flux continu des images, les questions de perspectives et l’imaginaire urbain. Les images soulignent le caractère éphémère de l’architecture et du paysage; elles témoignent de l’itinérance.</p>



<p>Sur cette thématique du déplacement j’ai conçu une œuvre interactive sur le Grand Paris « Itinérances métropolitaines », présentée pour l’exposition « un-privileged views » à Los Angeles en 2012. Invitée cette même année en résidence par The Metropolitan Observatory for Digital Cultural and Representation, à porter un regard sur Detroit, j’ai développé une recherche artistique et j’ai contribué avec « Les Fugitives » à l’exposition Imaging Detroit.</p>



<p>Les mouvements et les variations de l’image s’élaborent aussi dans l’espace d’expression artistique qu’est le livre d’artiste. Ces montages sont jalonnés par trois ouvrages : «Fugitives/Detroit, One step, and then another…» en 2016, « Itinérances métropolitaines » en novembre 2019 et « Esquisser une voie, portraits d’itinérances » en décembre 2019.</p>



<p>Cette méditation sur la géographie humaine me conduit à emprunter une dynamique active de dérive. À Detroit, pour la série « Les Fugitives / Detroit », marcher était la réponse la plus juste pour comprendre cette ville en déshérence, faire corps avec elle pouvait me permettre de saisir physiquement l’amplitude de son abandon, mais aussi de son désarroi. Marcher dans les espaces traversés par les hommes c’est méditer sur le passage du temps et le paysage, cette dynamique d’images me permit d’en extraire un travail qui est une discussion intime avec la ville, et depuis 2017 une réflexion lancinante sur la ténuité du vivant avec la série de portraits « Esquisser une voie, portraits d’itinérances »</p>



<p>Le jeu entre la photographie et la vidéo autorise des explorations. Cofondatrice de Combes&amp;Renaud, j’ai réalisé et cosigné également avec Patrick Renaud des œuvres vidéo, dans lesquelles le ressort, entre fiction et documentaire, est la figuration du temps. Je vis et travaille à Bagnolet.</p>



<p><a href="http://www.combesrenaud.com/index.php">www.combesrenaud.com</a></p>

<p>Artiste auteur mon travail oscille autour de différentes formes d’écriture de l’itinérance. Il alterne deux recherches, celle de laisser se former une image en utilisant parfois l’ordre chronologique de la prise de vues (dans les diptyques, cette articulation est conservée), ou plus dynamiquement une suite de plans, tissant séquences et polyptyques: la question du montage &hellip; </p>
<p class="link-more"><a href="https://atelier-images-peripheriques.fr/?page_id=99" class="more-link">Continuer la lecture<span class="screen-reader-text"> de &laquo;&nbsp;Marie COMBES&nbsp;&raquo;</span></a></p>

<!-- This site is optimized with the Yoast SEO plugin v24.2 - https://yoast.com/wordpress/plugins/seo/ -->
<title>Marie COMBES - Atelier Images péripheriques</title>
<meta name="robots" content="index, follow, max-snippet:-1, max-image-preview:large, max-video-preview:-1" />
<link rel="canonical" href="https://atelier-images-peripheriques.fr/?page_id=99" />
<meta property="og:locale" content="fr_FR" />
<meta property="og:type" content="article" />
<meta property="og:title" content="Marie COMBES - Atelier Images péripheriques" />
<meta property="og:description" content="Artiste auteur mon travail oscille autour de différentes formes d’écriture de l’itinérance. Il alterne deux recherches, celle de laisser se former une image en utilisant parfois l’ordre chronologique de la prise de vues (dans les diptyques, cette articulation est conservée), ou plus dynamiquement une suite de plans, tissant séquences et polyptyques: la question du montage &hellip; Continuer la lecture de &laquo;&nbsp;Marie COMBES&nbsp;&raquo;" />
<meta property="og:url" content="https://atelier-images-peripheriques.fr/?page_id=99" />
<meta property="og:site_name" content="Atelier Images péripheriques" />
<meta property="article:modified_time" content="2024-06-10T06:05:13+00:00" />
<meta name="twitter:card" content="summary_large_image" />
<meta name="twitter:label1" content="Durée de lecture estimée" />
	<meta name="twitter:data1" content="2 minutes" />
<script type="application/ld+json" class="yoast-schema-graph">{"@context":"https://schema.org","@graph":[{"@type":"WebPage","@id":"https://atelier-images-peripheriques.fr/?page_id=99","url":"https://atelier-images-peripheriques.fr/?page_id=99","name":"Marie COMBES - Atelier Images péripheriques","isPartOf":{"@id":"https://atelier-images-peripheriques.fr/#website"},"datePublished":"2024-07-10T05:33:17+00:00","dateModified":"2024-06-10T06:05:13+00:00","breadcrumb":{"@id":"https://atelier-images-peripheriques.fr/?page_id=99#breadcrumb"},"inLanguage":"fr-FR","potentialAction":[{"@type":"ReadAction","target":["https://atelier-images-peripheriques.fr/?page_id=99"]}]},{"@type":"BreadcrumbList","@id":"https://atelier-images-peripheriques.fr/?page_id=99#breadcrumb","itemListElement":[{"@type":"ListItem","position":1,"name":"Accueil","item":"https://atelier-images-peripheriques.fr/"},{"@type":"ListItem","position":2,"name":"Marie COMBES"}]},{"@type":"WebSite","@id":"https://atelier-images-peripheriques.fr/#website","url":"https://atelier-images-peripheriques.fr/","name":"Atelier Images péripheriques","description":"Atelier d&#039;artistes / Espace d&#039;exposition à Bagnolet","potentialAction":[{"@type":"SearchAction","target":{"@type":"EntryPoint","urlTemplate":"https://atelier-images-peripheriques.fr/?s={search_term_string}"},"query-input":{"@type":"PropertyValueSpecification","valueRequired":true,"valueName":"search_term_string"}}],"inLanguage":"fr-FR"}]}</script>
<!-- / Yoast SEO plugin. -->

Marie COMBES - Atelier Images péripheriques

Artiste auteur mon travail oscille autour de différentes formes d’écriture de l’itinérance. Il alterne deux recherches, celle de laisser se former une image en utilisant parfois l’ordre chronologique de la prise de vues (dans les diptyques, cette articulation est conservée), ou plus dynamiquement une suite de plans, tissant séquences et polyptyques: la question du montage &hellip; Continuer la lecture de &laquo;&nbsp;Marie COMBES&nbsp;&raquo;

Atelier Images péripheriques

Atelier d&#039;artistes / Espace d&#039;exposition à Bagnolet
