{"id":112,"date":"2024-07-10T07:31:53","date_gmt":"2024-07-10T05:31:53","guid":{"rendered":"http:\/\/atelier-images-peripheriques.fr\/?page_id=112"},"modified":"2024-06-10T07:59:24","modified_gmt":"2024-06-10T05:59:24","slug":"le-materiel","status":"publish","type":"page","link":"https:\/\/atelier-images-peripheriques.fr\/?page_id=112","title":{"rendered":"Les r\u00e9alisations des \u00e9l\u00e8ves"},"content":{"rendered":"\n<p>S\u00e9ances de dessin en Mus\u00e9e. Les mod\u00e8les sont nombreux, les \u0153uvres permettent d&rsquo;aborder l&rsquo;anatomie, d&rsquo;analyser les structures corporelles, les postures, ce cours s&rsquo;adresse \u00e0 des \u00e9l\u00e8ves ayant une ma\u00eetrise du dessin, ici quelques r\u00e9alisations d&rsquo;apr\u00e8s des sculptures du Louvre.<\/p>\n\n\n\n<figure class=\"wp-block-image size-large\"><img loading=\"lazy\" decoding=\"async\" width=\"769\" height=\"1024\" src=\"http:\/\/atelier-images-peripheriques.fr\/wp-content\/uploads\/2021\/10\/atelier-images-peripheriques-cours-dessin-Louvre-sept-2021IMG_20210918_072540-769x1024.jpg\" alt=\"\" class=\"wp-image-269\"\/><figcaption>Cours de dessin, Louvre, sept-2021<\/figcaption><\/figure>\n\n\n\n<figure class=\"wp-block-image size-large\"><img loading=\"lazy\" decoding=\"async\" width=\"1024\" height=\"768\" src=\"http:\/\/atelier-images-peripheriques.fr\/wp-content\/uploads\/2021\/10\/atelier-images-peripheriques-croquis-rapides-1mn-Maud-2021-IMG_20210716_170313-1024x768.jpg\" alt=\"\" class=\"wp-image-270\" srcset=\"https:\/\/atelier-images-peripheriques.fr\/wp-content\/uploads\/2021\/10\/atelier-images-peripheriques-croquis-rapides-1mn-Maud-2021-IMG_20210716_170313-1024x768.jpg 1024w, https:\/\/atelier-images-peripheriques.fr\/wp-content\/uploads\/2021\/10\/atelier-images-peripheriques-croquis-rapides-1mn-Maud-2021-IMG_20210716_170313-300x225.jpg 300w, https:\/\/atelier-images-peripheriques.fr\/wp-content\/uploads\/2021\/10\/atelier-images-peripheriques-croquis-rapides-1mn-Maud-2021-IMG_20210716_170313-768x576.jpg 768w, https:\/\/atelier-images-peripheriques.fr\/wp-content\/uploads\/2021\/10\/atelier-images-peripheriques-croquis-rapides-1mn-Maud-2021-IMG_20210716_170313-1536x1152.jpg 1536w, https:\/\/atelier-images-peripheriques.fr\/wp-content\/uploads\/2021\/10\/atelier-images-peripheriques-croquis-rapides-1mn-Maud-2021-IMG_20210716_170313-2048x1536.jpg 2048w\" sizes=\"auto, (max-width: 706px) 89vw, (max-width: 767px) 82vw, 740px\" \/><figcaption>Croquis rapides au Louvre<\/figcaption><\/figure>\n","protected":false},"excerpt":{"rendered":"<p>S\u00e9ances de dessin en Mus\u00e9e. Les mod\u00e8les sont nombreux, les \u0153uvres permettent d&rsquo;aborder l&rsquo;anatomie, d&rsquo;analyser les structures corporelles, les postures, ce cours s&rsquo;adresse \u00e0 des \u00e9l\u00e8ves ayant une ma\u00eetrise du dessin, ici quelques r\u00e9alisations d&rsquo;apr\u00e8s des sculptures du Louvre.<\/p>\n","protected":false},"author":1,"featured_media":0,"parent":0,"menu_order":0,"comment_status":"closed","ping_status":"closed","template":"","meta":{"footnotes":""},"class_list":["post-112","page","type-page","status-publish","hentry"],"yoast_head":"<!-- This site is optimized with the Yoast SEO plugin v24.2 - https:\/\/yoast.com\/wordpress\/plugins\/seo\/ -->\n<title>Les r\u00e9alisations des \u00e9l\u00e8ves - Atelier Images p\u00e9ripheriques<\/title>\n<meta name=\"robots\" content=\"index, follow, max-snippet:-1, max-image-preview:large, max-video-preview:-1\" \/>\n<link rel=\"canonical\" href=\"https:\/\/atelier-images-peripheriques.fr\/?page_id=112\" \/>\n<meta property=\"og:locale\" content=\"fr_FR\" \/>\n<meta property=\"og:type\" content=\"article\" \/>\n<meta property=\"og:title\" content=\"Les r\u00e9alisations des \u00e9l\u00e8ves - Atelier Images p\u00e9ripheriques\" \/>\n<meta property=\"og:description\" content=\"S\u00e9ances de dessin en Mus\u00e9e. Les mod\u00e8les sont nombreux, les \u0153uvres permettent d&rsquo;aborder l&rsquo;anatomie, d&rsquo;analyser les structures corporelles, les postures, ce cours s&rsquo;adresse \u00e0 des \u00e9l\u00e8ves ayant une ma\u00eetrise du dessin, ici quelques r\u00e9alisations d&rsquo;apr\u00e8s des sculptures du Louvre.\" \/>\n<meta property=\"og:url\" content=\"https:\/\/atelier-images-peripheriques.fr\/?page_id=112\" \/>\n<meta property=\"og:site_name\" content=\"Atelier Images p\u00e9ripheriques\" \/>\n<meta property=\"article:modified_time\" content=\"2024-06-10T05:59:24+00:00\" \/>\n<meta property=\"og:image\" content=\"http:\/\/atelier-images-peripheriques.fr\/wp-content\/uploads\/2021\/10\/atelier-images-peripheriques-cours-dessin-Louvre-sept-2021IMG_20210918_072540-769x1024.jpg\" \/>\n<meta name=\"twitter:card\" content=\"summary_large_image\" \/>\n<meta name=\"twitter:label1\" content=\"Dur\u00e9e de lecture estim\u00e9e\" \/>\n\t<meta name=\"twitter:data1\" content=\"1 minute\" \/>\n<script type=\"application\/ld+json\" class=\"yoast-schema-graph\">{\"@context\":\"https:\/\/schema.org\",\"@graph\":[{\"@type\":\"WebPage\",\"@id\":\"https:\/\/atelier-images-peripheriques.fr\/?page_id=112\",\"url\":\"https:\/\/atelier-images-peripheriques.fr\/?page_id=112\",\"name\":\"Les r\u00e9alisations des \u00e9l\u00e8ves - Atelier Images p\u00e9ripheriques\",\"isPartOf\":{\"@id\":\"https:\/\/atelier-images-peripheriques.fr\/#website\"},\"primaryImageOfPage\":{\"@id\":\"https:\/\/atelier-images-peripheriques.fr\/?page_id=112#primaryimage\"},\"image\":{\"@id\":\"https:\/\/atelier-images-peripheriques.fr\/?page_id=112#primaryimage\"},\"thumbnailUrl\":\"http:\/\/atelier-images-peripheriques.fr\/wp-content\/uploads\/2021\/10\/atelier-images-peripheriques-cours-dessin-Louvre-sept-2021IMG_20210918_072540-769x1024.jpg\",\"datePublished\":\"2024-07-10T05:31:53+00:00\",\"dateModified\":\"2024-06-10T05:59:24+00:00\",\"breadcrumb\":{\"@id\":\"https:\/\/atelier-images-peripheriques.fr\/?page_id=112#breadcrumb\"},\"inLanguage\":\"fr-FR\",\"potentialAction\":[{\"@type\":\"ReadAction\",\"target\":[\"https:\/\/atelier-images-peripheriques.fr\/?page_id=112\"]}]},{\"@type\":\"ImageObject\",\"inLanguage\":\"fr-FR\",\"@id\":\"https:\/\/atelier-images-peripheriques.fr\/?page_id=112#primaryimage\",\"url\":\"http:\/\/atelier-images-peripheriques.fr\/wp-content\/uploads\/2021\/10\/atelier-images-peripheriques-cours-dessin-Louvre-sept-2021IMG_20210918_072540-769x1024.jpg\",\"contentUrl\":\"http:\/\/atelier-images-peripheriques.fr\/wp-content\/uploads\/2021\/10\/atelier-images-peripheriques-cours-dessin-Louvre-sept-2021IMG_20210918_072540-769x1024.jpg\"},{\"@type\":\"BreadcrumbList\",\"@id\":\"https:\/\/atelier-images-peripheriques.fr\/?page_id=112#breadcrumb\",\"itemListElement\":[{\"@type\":\"ListItem\",\"position\":1,\"name\":\"Accueil\",\"item\":\"https:\/\/atelier-images-peripheriques.fr\/\"},{\"@type\":\"ListItem\",\"position\":2,\"name\":\"Les r\u00e9alisations des \u00e9l\u00e8ves\"}]},{\"@type\":\"WebSite\",\"@id\":\"https:\/\/atelier-images-peripheriques.fr\/#website\",\"url\":\"https:\/\/atelier-images-peripheriques.fr\/\",\"name\":\"Atelier Images p\u00e9ripheriques\",\"description\":\"Atelier d&#039;artistes \/ Espace d&#039;exposition \u00e0 Bagnolet\",\"potentialAction\":[{\"@type\":\"SearchAction\",\"target\":{\"@type\":\"EntryPoint\",\"urlTemplate\":\"https:\/\/atelier-images-peripheriques.fr\/?s={search_term_string}\"},\"query-input\":{\"@type\":\"PropertyValueSpecification\",\"valueRequired\":true,\"valueName\":\"search_term_string\"}}],\"inLanguage\":\"fr-FR\"}]}<\/script>\n<!-- \/ Yoast SEO plugin. -->","yoast_head_json":{"title":"Les r\u00e9alisations des \u00e9l\u00e8ves - Atelier Images p\u00e9ripheriques","robots":{"index":"index","follow":"follow","max-snippet":"max-snippet:-1","max-image-preview":"max-image-preview:large","max-video-preview":"max-video-preview:-1"},"canonical":"https:\/\/atelier-images-peripheriques.fr\/?page_id=112","og_locale":"fr_FR","og_type":"article","og_title":"Les r\u00e9alisations des \u00e9l\u00e8ves - Atelier Images p\u00e9ripheriques","og_description":"S\u00e9ances de dessin en Mus\u00e9e. Les mod\u00e8les sont nombreux, les \u0153uvres permettent d&rsquo;aborder l&rsquo;anatomie, d&rsquo;analyser les structures corporelles, les postures, ce cours s&rsquo;adresse \u00e0 des \u00e9l\u00e8ves ayant une ma\u00eetrise du dessin, ici quelques r\u00e9alisations d&rsquo;apr\u00e8s des sculptures du Louvre.","og_url":"https:\/\/atelier-images-peripheriques.fr\/?page_id=112","og_site_name":"Atelier Images p\u00e9ripheriques","article_modified_time":"2024-06-10T05:59:24+00:00","og_image":[{"url":"http:\/\/atelier-images-peripheriques.fr\/wp-content\/uploads\/2021\/10\/atelier-images-peripheriques-cours-dessin-Louvre-sept-2021IMG_20210918_072540-769x1024.jpg","type":"","width":"","height":""}],"twitter_card":"summary_large_image","twitter_misc":{"Dur\u00e9e de lecture estim\u00e9e":"1 minute"},"schema":{"@context":"https:\/\/schema.org","@graph":[{"@type":"WebPage","@id":"https:\/\/atelier-images-peripheriques.fr\/?page_id=112","url":"https:\/\/atelier-images-peripheriques.fr\/?page_id=112","name":"Les r\u00e9alisations des \u00e9l\u00e8ves - Atelier Images p\u00e9ripheriques","isPartOf":{"@id":"https:\/\/atelier-images-peripheriques.fr\/#website"},"primaryImageOfPage":{"@id":"https:\/\/atelier-images-peripheriques.fr\/?page_id=112#primaryimage"},"image":{"@id":"https:\/\/atelier-images-peripheriques.fr\/?page_id=112#primaryimage"},"thumbnailUrl":"http:\/\/atelier-images-peripheriques.fr\/wp-content\/uploads\/2021\/10\/atelier-images-peripheriques-cours-dessin-Louvre-sept-2021IMG_20210918_072540-769x1024.jpg","datePublished":"2024-07-10T05:31:53+00:00","dateModified":"2024-06-10T05:59:24+00:00","breadcrumb":{"@id":"https:\/\/atelier-images-peripheriques.fr\/?page_id=112#breadcrumb"},"inLanguage":"fr-FR","potentialAction":[{"@type":"ReadAction","target":["https:\/\/atelier-images-peripheriques.fr\/?page_id=112"]}]},{"@type":"ImageObject","inLanguage":"fr-FR","@id":"https:\/\/atelier-images-peripheriques.fr\/?page_id=112#primaryimage","url":"http:\/\/atelier-images-peripheriques.fr\/wp-content\/uploads\/2021\/10\/atelier-images-peripheriques-cours-dessin-Louvre-sept-2021IMG_20210918_072540-769x1024.jpg","contentUrl":"http:\/\/atelier-images-peripheriques.fr\/wp-content\/uploads\/2021\/10\/atelier-images-peripheriques-cours-dessin-Louvre-sept-2021IMG_20210918_072540-769x1024.jpg"},{"@type":"BreadcrumbList","@id":"https:\/\/atelier-images-peripheriques.fr\/?page_id=112#breadcrumb","itemListElement":[{"@type":"ListItem","position":1,"name":"Accueil","item":"https:\/\/atelier-images-peripheriques.fr\/"},{"@type":"ListItem","position":2,"name":"Les r\u00e9alisations des \u00e9l\u00e8ves"}]},{"@type":"WebSite","@id":"https:\/\/atelier-images-peripheriques.fr\/#website","url":"https:\/\/atelier-images-peripheriques.fr\/","name":"Atelier Images p\u00e9ripheriques","description":"Atelier d&#039;artistes \/ Espace d&#039;exposition \u00e0 Bagnolet","potentialAction":[{"@type":"SearchAction","target":{"@type":"EntryPoint","urlTemplate":"https:\/\/atelier-images-peripheriques.fr\/?s={search_term_string}"},"query-input":{"@type":"PropertyValueSpecification","valueRequired":true,"valueName":"search_term_string"}}],"inLanguage":"fr-FR"}]}},"_links":{"self":[{"href":"https:\/\/atelier-images-peripheriques.fr\/index.php?rest_route=\/wp\/v2\/pages\/112","targetHints":{"allow":["GET"]}}],"collection":[{"href":"https:\/\/atelier-images-peripheriques.fr\/index.php?rest_route=\/wp\/v2\/pages"}],"about":[{"href":"https:\/\/atelier-images-peripheriques.fr\/index.php?rest_route=\/wp\/v2\/types\/page"}],"author":[{"embeddable":true,"href":"https:\/\/atelier-images-peripheriques.fr\/index.php?rest_route=\/wp\/v2\/users\/1"}],"replies":[{"embeddable":true,"href":"https:\/\/atelier-images-peripheriques.fr\/index.php?rest_route=%2Fwp%2Fv2%2Fcomments&post=112"}],"version-history":[{"count":6,"href":"https:\/\/atelier-images-peripheriques.fr\/index.php?rest_route=\/wp\/v2\/pages\/112\/revisions"}],"predecessor-version":[{"id":470,"href":"https:\/\/atelier-images-peripheriques.fr\/index.php?rest_route=\/wp\/v2\/pages\/112\/revisions\/470"}],"wp:attachment":[{"href":"https:\/\/atelier-images-peripheriques.fr\/index.php?rest_route=%2Fwp%2Fv2%2Fmedia&parent=112"}],"curies":[{"name":"wp","href":"https:\/\/api.w.org\/{rel}","templated":true}]}}